
Suppose 4*b = b + 3. Calculate the remainder when (-44)/(-1)*1/2 is divided by b*(1 + -2)*-8.
6
Let b be 5 + -6 + (1 - 1). Calculate the remainder when 62 is divided by (0 - b)/((-1)/(-21)).
20
Let g be (-4)/6 - 8/6. Let o = g + 5. Suppose -16 = -o*m + 17. What is the remainder when 32 is divided by m?
10
Suppose 6 = -3*i, 0*k = 3*k - 3*i - 18. Let v be k/6 - 2/3. Suppose v*d = 5*d - 55. Calculate the remainder when d is divided by 6.
5
Let i = 3 + 12. What is the remainder when 26 is divided by i?
11
Let h = 2 - 5. Let t = 8 + h. What is the remainder when 67/4 + t/20 is divided by 9?
8
Suppose r = 7 - 1. Let w = 20 - 10. What is the remainder when w is divided by r?
4
Suppose -4*o = -0*d + 4*d - 8, 0 = o - 2*d - 2. Let f(r) = 4*r + 2*r**o + 2 - 4*r + 4*r. What is the remainder when f(-5) is divided by 17?
15
Suppose 181 = j + 3*k, -77 = 3*j + 5*k - 612. Suppose j = h + 4*h. Suppose -3*i + h = 2*i. What is the remainder when 20 is divided by i?
6
Let n be (6 - 3) + 1/(-1). Calculate the remainder when 14 is divided by (-312)/(-60) - n/10.
4
Let a = 53 - 22. Let j be 2/(-7) + (-90)/(-21). Suppose -2*f + 2*l = -18, -j*f + f + 29 = -2*l. Calculate the remainder when a is divided by f.
9
Suppose -4*r + 5*r = 0. Suppose 0*v - 3*v + 111 = r. Let o = -5 - -18. Calculate the remainder when v is divided by o.
11
Suppose -13 = -3*m + 14. What is the remainder when m is divided by 3?
0
Suppose -x - 19 - 9 = 0. What is the remainder when 17 is divided by 24/x*1*-7?
5
Let n(l) = 28*l**2 - 5*l + 1. What is the remainder when n(3) is divided by 20?
18
Suppose 5*y - 200 = c, 103 = -0*y + 3*y - 4*c. Calculate the remainder when 201 is divided by y.
37
Suppose -9 + 1 = -4*o. Suppose -4*g = i - 12, 0*i + o*i - 10 = -g. Suppose -n + 63 = g*r + 3*r, 5*n - 3 = r. What is the remainder when r is divided by 7?
5
Let y = 14 - 21. Let f = y + 13. Calculate the remainder when 50/f - (-1)/(-3) is divided by 5.
3
Let k(w) = 6*w**3 - 3*w**2 + w - 1. Let j = -2 + 4. Let u = 33 + -20. What is the remainder when k(j) is divided by u?
11
Let m = -62 + 128. What is the remainder when m is divided by 19?
9
Suppose 2*r + 5*u + 4 = 0, -2 - 8 = 5*u. Suppose 4*i = h + 203, r*i - 2*i - 38 = -4*h. What is the remainder when i is divided by 17?
16
Suppose -120*t - 256 = -122*t. What is the remainder when t is divided by 33?
29
Let h(x) = x - 3. Let k be h(4). Let p be (12 + -2)*k/2. Suppose -r + 3*y + 0 = -2, -2*r - p*y + 37 = 0. What is the remainder when 43 is divided by r?
10
Suppose 0*l = -2*l + 8. Let n be 7*7 - (2 - l). Suppose -2*j - z - 2*z = -34, 3*j - n = 4*z. What is the remainder when 49 is divided by j?
15
Let g(x) = -x**3 - 6*x**2 - 5*x + 5. Let b be g(-5). Let v be ((-54)/b)/((-3)/15). Suppose 3*t = t + v. What is the remainder when t is divided by 14?
13
Let u(b) = -2*b**3 + b**2 - 2*b - 2. Let a be u(-2). Suppose -92 + a = -2*k. Let n = k + -16. Calculate the remainder when n is divided by 7.
5
Let h(o) = o**2 - 2*o + 4. Let z be h(8). Suppose 26 = 4*i + 2. Suppose i*l - 3*l + r = 40, 4*r = -3*l + z. What is the remainder when 35 is divided by l?
11
Suppose -2*i + 0*i + 4*x = -12, 2*i - 2*x - 16 = 0. Calculate the remainder when 16 is divided by i.
6
Let o(b) = 6*b + 1. Let m be o(2). Let w(p) = -2*p**2 + p + 9. Let d be w(0). Let f = d + m. What is the remainder when f is divided by 6?
4
Let w be (-6)/(-9) + 8/6. Let k = -36 - -46. Calculate the remainder when 21 is divided by k - (3/3 - w).
10
Let c(f) = f - 2. Let i = -1 + 2. Calculate the remainder when i is divided by c(3).
0
Suppose 4*v + 26 = 6*v. Calculate the remainder when 36 is divided by v.
10
Let b be (271 + -1)*(-1)/2. Let g = -92 - b. Let f = -21 + g. What is the remainder when f is divided by 6?
4
Let z(b) = -b**2 - 8*b + 15. Let x be z(-8). Let o = -11 + x. Calculate the remainder when 18 is divided by o.
2
Suppose 0 = -3*l + 9 - 3. Suppose 97 = 2*o + l*i - i, 2*o - 4*i = 102. Suppose -3*j = -o + 4. Calculate the remainder when 28 is divided by j.
13
Suppose 99*d = 102*d - 84. What is the remainder when 81 is divided by d?
25
Calculate the remainder when 156 is divided by 12*((-55)/(-15) + -1).
28
Suppose 7*c - 25 = 2*c. Let h(j) = j + 35. Calculate the remainder when c/((-5)/(-58)) - 2 is divided by h(-16).
18
Suppose -r + 10 = 3*w - 5, r + 5 = 2*w. Calculate the remainder when 6 + -2*r/(-6) is divided by 5.
2
Suppose -3*m = -7*z + 3*z - 128, m - 32 = -4*z. Calculate the remainder when m is divided by 6/4*14*1.
19
Calculate the remainder when -1*(-1 - -2 - 62) is divided by 21.
19
Suppose 0*l = l - 3. Suppose -2*j - 3 = 5, -l*j = -3*h + 57. What is the remainder when h is divided by 8?
7
Let n = 2 - 0. Suppose n*s = -0*s + 24. What is the remainder when 22 is divided by s?
10
Let c(a) = -a**2 - 5*a + 13. What is the remainder when 31 is divided by c(-5)?
5
Suppose 126 = 14*c + 4*c. Calculate the remainder when 10 is divided by c.
3
Let h(q) = -205*q**3 - 2*q - 1. Let b be h(-1). Let y = -36 + 67. What is the remainder when y is divided by 2/(-12) + b/12?
14
Suppose -3 = -2*h + 2*u - 1, 0 = -3*h + u + 7. Let n(g) = g**2 + 3*g + 2. Calculate the remainder when h is divided by n(0).
1
What is the remainder when 24/(-156) + (-210)/(-13) is divided by 7?
2
What is the remainder when (14/(-2))/(2/(-36)) is divided by 32?
30
Let i = -4 + 9. Suppose -45 = 2*q - i*q. Suppose 2*f - u = 20, -4*u = 12 + 4. What is the remainder when q is divided by f?
7
What is the remainder when 20 is divided by ((-55)/10)/(3/(-6))?
9
Calculate the remainder when 60 - 8/(-2)*1 is divided by 22.
20
Suppose 2*c + 0*c - 2 = 0, -5*c = -v. Suppose -20 = 5*a + 2*j, -a + 0 - 4 = -v*j. What is the remainder when 11 is divided by 1/((-2)/(-4)) - a?
5
Suppose 5*l - 2*l - 36 = 0. What is the remainder when 58 is divided by l?
10
Let f(d) be the second derivative of -d**3/6 + 3*d**2 - 2*d. What is the remainder when 37 is divided by f(-7)?
11
Let b = -5 + 40. What is the remainder when b is divided by 12?
11
Let q(t) = -12*t - 9. Let m be q(-4). Let d = 84 - m. Calculate the remainder when d is divided by 12.
9
Let c be 1*10/(-8)*-32. Suppose -2*n = n - 4*h - c, -5*h = 5*n - 55. What is the remainder when 34 is divided by n?
10
Suppose 7*f = 5*f + 12. Let o = 46 - f. What is the remainder when o is divided by 21?
19
Let b be 1/1 - 4/2. Let v = 3 - b. Suppose -m + 20 = u, m - v = -0*m. What is the remainder when u is divided by 9?
7
Let b be (10/(-6))/(12/(-36)). Suppose 10*c = b*c + 120. Calculate the remainder when c is divided by 14.
10
Let o(r) = r - 2. Suppose -4*s - 27 = -5*j, -s - 4*s = -2*j + 21. What is the remainder when o(j) is divided by 1?
0
Suppose -34 = -4*d + k, -5*d - 2*k = -4*k - 44. Calculate the remainder when ((-150)/4)/5*-2 is divided by d.
7
Suppose -7*n + 80 = -3*n - i, 4*n = 2*i + 80. Calculate the remainder when n is divided by 3.
2
Let c(q) = 5*q - 5. Let w be c(2). Suppose -4*n + 3*n - w*b + 15 = 0, -5*n + 31 = 3*b. Calculate the remainder when n is divided by 2.
1
Let n(p) = p**2 + 5*p - 5. Calculate the remainder when 33 is divided by n(-8).
14
Let d be 1428/108 - 2/9. Let w = d + -11. What is the remainder when 6 is divided by w?
0
Let g(r) = -r**2 - 12*r - 4. What is the remainder when 45 is divided by g(-10)?
13
Let i be 54/8 - 6/8. Let t(a) = a**2 - 5*a - 2. Calculate the remainder when 7 is divided by t(i).
3
Let b(o) = 3*o**2 + 11*o - 11. What is the remainder when 232 is divided by b(-7)?
55
Let l(n) = n**2 + n + 4. Let o(f) be the second derivative of 5*f**4/12 + f**2/2 - 2*f. What is the remainder when o(-3) is divided by l(3)?
14
Calculate the remainder when 139/2 - (-4)/(-8) is divided by 24.
21
Let d(w) = -w - 5. Let f be d(-7). Suppose f*q - 14 = 2. Calculate the remainder when q is divided by 5.
3
Suppose -4*j - 3*z + 1515 = 0, -12 = 2*z + 2*z. Let f = j + -249. Suppose -2*p + f = p. What is the remainder when p is divided by 15?
14
Suppose 3*u - 37 = -7. Let o = u + 5. What is the remainder when 43 is divided by o?
13
What is the remainder when 55 is divided by 2/(-4)*(-8 - -1)*8?
27
What is the remainder when -5*(-3 - 24/(-20)) is divided by 4?
1
Let o(g) = -5*g + 1. Let x be o(1). Let w(t) = 4*t + 1. Let n be w(x). Let k = n - -25. Calculate the remainder when 28 is divided by k.
8
Let o 